+ m = -3. Let b be 3*(0 + q/(-6)). What is the highest common divisor of b and 40?
8
Let x = 1745 - 1120. Calculate the highest common factor of 25 and x.
25
Suppose -w - 4*g + 44 = 0, 4*w + 2*g - 106 = -0*g. Calculate the greatest common factor of w and 18.
6
Let q = 18 - -3. Let o = 35 - q. What is the greatest common divisor of 112 and o?
14
Let r(p) = -11*p + 53. Let y be r(-20). Let k = y + 114. What is the highest common divisor of k and 43?
43
Let i be 7/(-4) - (-21)/28. Let n(m) = -5*m + 2. Let q be n(i). Calculate the greatest common factor of 21 and q.
7
Let r = 21 - 18. Let y be (-3717)/(-21) - -1*r. Calculate the highest common factor of y and 72.
36
Let m be -5 + (1/(-4))/((-16)/384). Calculate the greatest common divisor of 67 and m.
1
Let l(w) = -2*w**2 - 64*w - 59. Let h be l(-28). Calculate the highest common factor of 15 and h.
15
Let m be 220 + (0 - 5) + 21/3. What is the highest common factor of m and 296?
74
Let h be ((-2)/4)/(3/(-18)). Suppose -c - 25 = -2*y, -h*y + 62 = c + 12. Calculate the highest common factor of y and 165.
15
Let c(o) = o**2 + 7*o + 3. Let v be c(-4). Let b be (102/v)/(4/(-6)). Let q = b - -18. Calculate the highest common factor of 5 and q.
5
Let p be -5 - 1 - 474/(-3). Calculate the greatest common factor of 38 and p.
38
Suppose -9*f = -6*f - 558. Suppose -3*v = -300 - f. What is the greatest common factor of v and 27?
27
Let h be 10 + 7 + -2 + -9 + 2. Calculate the highest common factor of h and 392.
8
Suppose -5*o + 149 = 4*a, 4*a + 0*a = 4*o - 148. Let z(s) = -5*s**3 - 5*s**2 - 2*s + 3. Let h be z(-3). Calculate the greatest common factor of h and o.
33
Let n(a) = -a**3 + 74*a**2 - 61*a**2 - 3 - 10 + 22*a. Let q be n(14). Calculate the highest common factor of 11 and q.
11
Let u(n) = n**3 - 7*n**2 + 10*n - 14. Let o be u(6). Calculate the highest common factor of 310 and o.
10
Let l be 10/(-4)*(-32)/10. Let b be l/(-12) + (-1256)/(-12). What is the greatest common divisor of b and 26?
26
Suppose -18*g + 89 = -4015. Calculate the greatest common divisor of 96 and g.
12
Let c(t) = -t**2 - 36*t - 200. Let k be c(-9). Calculate the highest common factor of k and 86.
43
Suppose -2*k - 3 = -5*m, 3*m + 3*k = 2*m - 13. Let p = m - 2. Let x = p - -12. Calculate the greatest common divisor of x and 72.
9
Suppose -27*k - 266 = -41*k. Let n be ((-6)/2)/((-6)/152). Calculate the highest common divisor of k and n.
19
Let y be (-2)/(-9) - (-124)/9. Let t be ((-4)/(16/15))/(96/(-1792)). Calculate the greatest common divisor of y and t.
14
Let t(f) be the first derivative of -15*f**2/2 + f - 7. Let b be t(-2). Calculate the highest common divisor of 248 and b.
31
Let y be 1/3 - (-1292)/102. Let q = y + 171. Calculate the greatest common factor of q and 46.
46
Let r(c) = -c**3 - c**2 + 1. Let v be r(-2). Let u = -16 + 15. Let m be 9 + u + -2 - 1. Calculate the greatest common factor of m and v.
5
Let m = 324 - 224. What is the greatest common divisor of m and 75?
25
Suppose 0 = -13*o + 28*o - 180. Calculate the highest common divisor of o and 1284.
12
Let d = 9 - 3. Suppose -110*h + 3 = -109*h. Let w = d + h. Calculate the highest common factor of 9 and w.
9
Suppose 52 = 3*l - 56. Let o(f) = f - 3. Let x be o(12). Calculate the highest common divisor of x and l.
9
Let u be 2 - -85 - (4 + -2). Let v be 11/(-11) - (-1 + -170). Suppose 2*o + v = 7*o. What is the greatest common divisor of u and o?
17
Let b = -39 + 16. Let j = b - -39. Let y = 157 - 149. What is the greatest common divisor of j and y?
8
Let k be (-4)/((-16)/(-6))*-6. Suppose -5*p + 0*p - 1 = 2*q, -4*q - k = 3*p. Let c be 1/(-4)*-10*2. Calculate the greatest common factor of p and c.
1
Suppose -4*m + 405 = m. Let t(h) = -2*h**3 + 46*h**2 + 102*h + 4. Let u be t(25). Calculate the greatest common divisor of m and u.
27
Let q(p) = 4*p. Let o(n) = -2*n - 5. Let t be o(-5). Let x be q(t). Let w = -1 - -3. What is the greatest common divisor of x and w?
2
Let d(c) = -4*c + 16*c + 2*c**2 - 4*c - 10 - 3*c. Let y be d(4). What is the greatest common factor of y and 42?
42
Suppose 7*d + 729 = 34*d. Calculate the highest common divisor of d and 81.
27
Let t = 114 - 87. Suppose 3*q = 624 + 267. What is the highest common factor of q and t?
27
Suppose -16 = -2*c + 3*d, -4*c - d = 3*d - 52. Let v(j) = 12*j - 39. Let o be v(6). Calculate the greatest common factor of c and o.
11
Let a = 352 + -210. Let w = -77 + a. Suppose 0 = -5*x - 3*s + 74, -4*s - 26 = -5*x + 27. What is the highest common divisor of x and w?
13
Suppose -2*z + 132 = z. Let a = -254 + 258. What is the highest common divisor of z and a?
4
Let v(c) = c**2 + 3*c - 2. Let s be v(-4). Suppose -s*d - 9 = -25. What is the greatest common divisor of d and 24?
8
Let v = -20 - -28. Suppose v = 3*q - p, q - 2*p + 28 = 6*q. Calculate the greatest common divisor of 8 and q.
4
Let g = -17 - -26. Let j = 17 - g. Suppose 2*b = -3*s + 54 + 14, s - 4*b - 32 = 0. What is the greatest common factor of j and s?
8
Suppose -4*g - 81 = -2*j - 257, 5*g = 3*j + 222. What is the greatest common divisor of 77 and g?
7
Suppose 3*s + 4*h - 125 = 0, 2*s - 6*h - 60 = -4*h. Calculate the highest common factor of s and 7.
7
Suppose 0 = -2*b + 5*c + 324 + 166, -3*b = 5*c - 760. What is the highest common factor of 10 and b?
10
Let v be 6 + 0 + -5 - (0 - 4). Suppose -b = -v*k + 165, 4*b - 3*b = -5. What is the highest common divisor of k and 8?
8
Let f = -79 - -124. Calculate the highest common factor of 765 and f.
45
Let q be (-6)/(187/(-462) - (-1)/3). Calculate the highest common factor of 36 and q.
12
Suppose h + 4 - 18 = 0. Suppose -33 = -d + 121. Calculate the greatest common factor of d and h.
14
Suppose 5*w = -5*t + 4*t + 10, 0 = 5*w - 10. Suppose 12 = 4*i, -j + 0*j + 4*i + 22 = t. Suppose j = -g + 159. Calculate the greatest common factor of 25 and g.
25
Suppose 0 = 2*n + a - 899, -472 = -n - 0*a - 5*a. Suppose 2*x + x - 643 = 4*u, -2*x - u = -n. What is the greatest common divisor of 17 and x?
17
Let u = 7 + -6. Let t(r) = 283*r + 1. Let w be t(u). Suppose q - 5*o = w, 2*q - 532 = o - 0*o. Calculate the greatest common factor of q and 24.
24
Suppose -4*u = 5*r - 3*u - 216, 0 = -3*u - 12. Calculate the highest common factor of 44 and r.
44
Suppose -7*p - 5*u - 1077 = -10*p, -3*u = p - 373. Let z = -85 + p. What is the highest common factor of z and 31?
31
Suppose 0 = 12*i + 29 - 185. Let y = 2 - 2. Suppose 0 = -4*f - l + 160, y*l - 3*l = 5*f - 207. Calculate the highest common factor of i and f.
13
Let t be 22 + (-310)/186*(-36)/10. Suppose 11 = n - 31. What is the highest common divisor of t and n?
14
Let b(m) = -m**2 - 5*m - 2. Let s be b(-4). Suppose 4*l - 72 = w - s*w, -5*l - w = -91. Let h = 79 - l. What is the highest common divisor of 24 and h?
12
Suppose 2*n = 6*n - 84. Let h = n + 3. Suppose -2147 + 2123 = -2*b. Calculate the greatest common factor of h and b.
12
Let a(w) = w**3 + 22*w**2 - 457*w - 58. Let v be a(-35). Let l = 12 + 0. What is the greatest common factor of v and l?
12
Suppose 4*l + 3*h - 107 = 2*l, -5*l + 251 = 2*h. Calculate the greatest common factor of l and 49.
49
Suppose 296 + 331 = 3*u. What is the greatest common factor of u and 11?
11
Let j = -4 - -6. Suppose j*f + 63 = 5*d - 0*f, -f = 4. Calculate the greatest common factor of d and 77.
11
Suppose -210 = 5*w - 10*w. Calculate the highest common divisor of 112 and w.
14
Suppose -3*f + 5 = 17. Let n(i) = -9*i - 35. Let h be n(f). What is the highest common divisor of h and 5?
1
Suppose -4 = 4*n - 24. Suppose 17 = n*z + 2. Let d = -20 + 47. Calculate the greatest common factor of d and z.
3
Let h(y) = -5*y - 7. Let n be h(-2). Suppose -4*g + u - n*u + 106 = 0, -5*g - 3*u + 131 = 0. What is the highest common divisor of g and 14?
14
Suppose 10*o = 7*o - 2*l + 52, -2*l - 56 = -3*o. Calculate the greatest common divisor of 54 and o.
18
Let j(v) = -v**2 - 3*v + 89. Let s be j(0). Let o = 105 - s. Let q = -25 + 65. Calculate the greatest common factor of q and o.
8
Suppose -4*p = -3*p + l - 43, -43 = -p - 5*l. What is the greatest common factor of p and 2279?
43
Let p(b) = -88*b - 334. Let d be p(-4). Let i be (3/(-4))/(1/(-4)). What is the greatest common factor of d and i?
3
Suppose -22 = -10*m + 8*m. What is the greatest common divisor of 